{"id":5,"date":"2018-07-31T15:46:39","date_gmt":"2018-07-31T13:46:39","guid":{"rendered":"http:\/\/hoteltgv.fr\/?page_id=5"},"modified":"2022-09-23T10:52:07","modified_gmt":"2022-09-23T08:52:07","slug":"reception","status":"publish","type":"page","link":"https:\/\/hoteltgv.com\/index.php\/reception\/","title":{"rendered":"R\u00e9ception"},"content":{"rendered":"\t\t<div data-elementor-type=\"wp-post\" data-elementor-id=\"5\" class=\"elementor elementor-5\">\n\t\t\t\t\t\t<section class=\"elementor-section elementor-top-section elementor-element elementor-element-2aed650 elementor-section-full_width elementor-section-height-default elementor-section-height-default\" data-id=\"2aed650\" data-element_type=\"section\" data-e-type=\"section\">\n\t\t\t\t\t\t<div class=\"elementor-container elementor-column-gap-default\">\n\t\t\t\t\t<div class=\"elementor-column elementor-col-100 elementor-top-column elementor-element elementor-element-2cc513d\" data-id=\"2cc513d\" data-element_type=\"column\" data-e-type=\"column\">\n\t\t\t<div class=\"elementor-widget-wrap elementor-element-populated\">\n\t\t\t\t\t\t<div class=\"elementor-element elementor-element-afb3e15 elementor-widget elementor-widget-image\" data-id=\"afb3e15\" data-element_type=\"widget\" data-e-type=\"widget\" data-widget_type=\"image.default\">\n\t\t\t\t<div class=\"elementor-widget-container\">\n\t\t\t\t\t\t\t\t\t\t\t\t\t\t\t<img fetchpriority=\"high\" decoding=\"async\" width=\"640\" height=\"314\" src=\"https:\/\/hoteltgv.com\/wp-content\/uploads\/2021\/07\/hotel-tgv-reception.jpg\" class=\"attachment-large size-large wp-image-1349\" alt=\"Ferm\u00e9 pour cong\u00e9s\" srcset=\"https:\/\/hoteltgv.com\/wp-content\/uploads\/2021\/07\/hotel-tgv-reception.jpg 640w, https:\/\/hoteltgv.com\/wp-content\/uploads\/2021\/07\/hotel-tgv-reception-150x74.jpg 150w, https:\/\/hoteltgv.com\/wp-content\/uploads\/2021\/07\/hotel-tgv-reception-350x172.jpg 350w\" sizes=\"100vw\" \/>\t\t\t\t\t\t\t\t\t\t\t\t\t\t\t<\/div>\n\t\t\t\t<\/div>\n\t\t\t\t\t<\/div>\n\t\t<\/div>\n\t\t\t\t\t<\/div>\n\t\t<\/section>\n\t\t\t\t<section class=\"elementor-section elementor-top-section elementor-element elementor-element-060b474 elementor-section-boxed elementor-section-height-default elementor-section-height-default\" data-id=\"060b474\" data-element_type=\"section\" data-e-type=\"section\">\n\t\t\t\t\t\t<div class=\"elementor-container elementor-column-gap-default\">\n\t\t\t\t\t<div class=\"elementor-column elementor-col-50 elementor-top-column elementor-element elementor-element-5cc22ae\" data-id=\"5cc22ae\" data-element_type=\"column\" data-e-type=\"column\">\n\t\t\t<div class=\"elementor-widget-wrap elementor-element-populated\">\n\t\t\t\t\t\t<div class=\"elementor-element elementor-element-0bf4797 elementor-drop-cap-yes elementor-drop-cap-view-default elementor-widget elementor-widget-text-editor\" data-id=\"0bf4797\" data-element_type=\"widget\" data-e-type=\"widget\" data-settings=\"{&quot;drop_cap&quot;:&quot;yes&quot;}\" data-widget_type=\"text-editor.default\">\n\t\t\t\t<div class=\"elementor-widget-container\">\n\t\t\t\t\t\t\t\t\t<p style=\"text-align: center;\"><span class=\"elementor-drop-cap\"><span class=\"elementor-drop-cap-letter\">L<\/span><\/span>\u2019H\u00f4tel TGV est situ\u00e9 \u00e0 Quimper face aux gares routi\u00e8res et SNCF et \u00e0 800 m\u00e8tres du centre-ville.<br \/><strong>20 chambres tout confort<\/strong><br \/>Douche et WC\u00a0 T\u00e9l\u00e9vision LCD<br \/>Wifi gratuit et illimit\u00e9<br \/><strong>Arriv\u00e9e tardive sur r\u00e9servation par digicode.<\/strong><\/p>\t\t\t\t\t\t\t\t<\/div>\n\t\t\t\t<\/div>\n\t\t\t\t\t<\/div>\n\t\t<\/div>\n\t\t\t\t<div class=\"elementor-column elementor-col-50 elementor-top-column elementor-element elementor-element-001ea5d\" data-id=\"001ea5d\" data-element_type=\"column\" data-e-type=\"column\">\n\t\t\t<div class=\"elementor-widget-wrap elementor-element-populated\">\n\t\t\t\t\t\t<div class=\"elementor-element elementor-element-e5a8d3a elementor-widget elementor-widget-image\" data-id=\"e5a8d3a\" data-element_type=\"widget\" data-e-type=\"widget\" data-widget_type=\"image.default\">\n\t\t\t\t<div class=\"elementor-widget-container\">\n\t\t\t\t\t\t\t\t\t\t\t\t\t\t\t<img decoding=\"async\" width=\"644\" height=\"362\" src=\"https:\/\/hoteltgv.com\/wp-content\/uploads\/2018\/08\/hoteltgv_vitrine_nuit-1024x576.jpg\" class=\"attachment-large size-large wp-image-124\" alt=\"\" srcset=\"https:\/\/hoteltgv.com\/wp-content\/uploads\/2018\/08\/hoteltgv_vitrine_nuit.jpg 1024w, https:\/\/hoteltgv.com\/wp-content\/uploads\/2018\/08\/hoteltgv_vitrine_nuit-150x84.jpg 150w, https:\/\/hoteltgv.com\/wp-content\/uploads\/2018\/08\/hoteltgv_vitrine_nuit-800x450.jpg 800w, https:\/\/hoteltgv.com\/wp-content\/uploads\/2018\/08\/hoteltgv_vitrine_nuit-768x432.jpg 768w, https:\/\/hoteltgv.com\/wp-content\/uploads\/2018\/08\/hoteltgv_vitrine_nuit-350x197.jpg 350w\" sizes=\"100vw\" \/>\t\t\t\t\t\t\t\t\t\t\t\t\t\t\t<\/div>\n\t\t\t\t<\/div>\n\t\t\t\t\t<\/div>\n\t\t<\/div>\n\t\t\t\t\t<\/div>\n\t\t<\/section>\n\t\t\t\t<\/div>\n\t\t","protected":false},"excerpt":{"rendered":"<p>L\u2019H\u00f4tel TGV est situ\u00e9 \u00e0 Quimper face aux gares routi\u00e8res et SNCF et \u00e0 800 m\u00e8tres du centre-ville.20 chambres tout confortDouche et WC\u00a0 T\u00e9l\u00e9vision LCDWifi gratuit et illimit\u00e9Arriv\u00e9e tardive sur r\u00e9servation par digicode.<\/p>\n","protected":false},"author":1,"featured_media":0,"parent":0,"menu_order":0,"comment_status":"closed","ping_status":"closed","template":"","meta":{"footnotes":""},"class_list":["post-5","page","type-page","status-publish","hentry"],"_links":{"self":[{"href":"https:\/\/hoteltgv.com\/index.php\/wp-json\/wp\/v2\/pages\/5","targetHints":{"allow":["GET"]}}],"collection":[{"href":"https:\/\/hoteltgv.com\/index.php\/wp-json\/wp\/v2\/pages"}],"about":[{"href":"https:\/\/hoteltgv.com\/index.php\/wp-json\/wp\/v2\/types\/page"}],"author":[{"embeddable":true,"href":"https:\/\/hoteltgv.com\/index.php\/wp-json\/wp\/v2\/users\/1"}],"replies":[{"embeddable":true,"href":"https:\/\/hoteltgv.com\/index.php\/wp-json\/wp\/v2\/comments?post=5"}],"version-history":[{"count":17,"href":"https:\/\/hoteltgv.com\/index.php\/wp-json\/wp\/v2\/pages\/5\/revisions"}],"predecessor-version":[{"id":1658,"href":"https:\/\/hoteltgv.com\/index.php\/wp-json\/wp\/v2\/pages\/5\/revisions\/1658"}],"wp:attachment":[{"href":"https:\/\/hoteltgv.com\/index.php\/wp-json\/wp\/v2\/media?parent=5"}],"curies":[{"name":"wp","href":"https:\/\/api.w.org\/{rel}","templated":true}]}}